{"id":236,"date":"2025-08-25T18:51:08","date_gmt":"2025-08-25T16:51:08","guid":{"rendered":"https:\/\/heimat.museum-villa-medica.de\/?page_id=236"},"modified":"2025-08-25T18:51:08","modified_gmt":"2025-08-25T16:51:08","slug":"shop_leider-vergriffen","status":"publish","type":"page","link":"https:\/\/heimat.museum-villa-medica.de\/?page_id=236","title":{"rendered":"Shop_Leider Vergriffen"},"content":{"rendered":"\n<h2 class=\"wp-block-heading alignwide\">Leider Vergriffen<\/h2>\n\n\n\n<p class=\"has-large-font-size\">Diese Publikationen sind leider vergriffen, aber vielleicht finden Sie ja noch ein Exemplar auf den bekannten Verkaufsplattformen<\/p>\n\n\n\n<hr class=\"wp-block-separator alignwide has-alpha-channel-opacity\"\/>\n\n\n\n<div class=\"wp-block-group alignfull has-global-padding is-layout-constrained wp-container-core-group-is-layout-5a30f31b wp-block-group-is-layout-constrained\">\n<div class=\"wp-block-columns alignwide tw-justify-center tw-cols-stack-md-2 is-layout-flex wp-container-core-columns-is-layout-d0b3c9c8 wp-block-columns-is-layout-flex\">\n<div class=\"wp-block-column is-layout-flow wp-block-column-is-layout-flow\">\n<figure class=\"wp-block-image aligncenter size-full is-resized\"><img loading=\"lazy\" decoding=\"async\" width=\"316\" height=\"240\" src=\"https:\/\/heimat.museum-villa-medica.de\/wp-content\/uploads\/2025\/08\/shop-2021043041947-ausschnitt-1920w.webp\" alt=\"\" class=\"wp-image-237\" style=\"width:120px\" srcset=\"https:\/\/heimat.museum-villa-medica.de\/wp-content\/uploads\/2025\/08\/shop-2021043041947-ausschnitt-1920w.webp 316w, https:\/\/heimat.museum-villa-medica.de\/wp-content\/uploads\/2025\/08\/shop-2021043041947-ausschnitt-1920w-300x228.webp 300w\" sizes=\"auto, (max-width: 316px) 100vw, 316px\" \/><\/figure>\n\n\n\n<h3 class=\"wp-block-heading has-text-align-center has-large-font-size\">Klassifikationskarte<\/h3>\n\n\n\n<p class=\"has-text-align-center\">des Parzellar Katasters der Gemeinde Rhede, Regierungsbezirk M\u00fcnster, Landr\u00e4tlicher Kreis Borken, B\u00fcrgermeisterei Rhede.<\/p>\n\n\n\n<p class=\"has-text-align-center\">Angefertigt nach der Vermessung vom Jahre 1823<\/p>\n<\/div>\n\n\n\n<div class=\"wp-block-column is-layout-flow wp-block-column-is-layout-flow\">\n<figure class=\"wp-block-image aligncenter size-full is-resized\"><img loading=\"lazy\" decoding=\"async\" width=\"354\" height=\"500\" src=\"https:\/\/heimat.museum-villa-medica.de\/wp-content\/uploads\/2025\/08\/shop-rhederschicksalstage-1920w.webp\" alt=\"\" class=\"wp-image-240\" style=\"width:120px\" srcset=\"https:\/\/heimat.museum-villa-medica.de\/wp-content\/uploads\/2025\/08\/shop-rhederschicksalstage-1920w.webp 354w, https:\/\/heimat.museum-villa-medica.de\/wp-content\/uploads\/2025\/08\/shop-rhederschicksalstage-1920w-212x300.webp 212w\" sizes=\"auto, (max-width: 354px) 100vw, 354px\" \/><\/figure>\n\n\n\n<h3 class=\"wp-block-heading has-text-align-center has-large-font-size\">Rheder Schicksalstage im M\u00e4rz 1945<\/h3>\n\n\n\n<p class=\"has-text-align-center\">Autor: Bernhard Beckmann<br>November 2020<br><\/p>\n<\/div>\n\n\n\n<div class=\"wp-block-column is-layout-flow wp-block-column-is-layout-flow\">\n<figure class=\"wp-block-image aligncenter size-full is-resized\"><img loading=\"lazy\" decoding=\"async\" width=\"365\" height=\"500\" src=\"https:\/\/heimat.museum-villa-medica.de\/wp-content\/uploads\/2025\/08\/shop-woerterbuchderwestmuensterlaendischenmundart-1920w.webp\" alt=\"\" class=\"wp-image-250\" style=\"width:120px\" srcset=\"https:\/\/heimat.museum-villa-medica.de\/wp-content\/uploads\/2025\/08\/shop-woerterbuchderwestmuensterlaendischenmundart-1920w.webp 365w, https:\/\/heimat.museum-villa-medica.de\/wp-content\/uploads\/2025\/08\/shop-woerterbuchderwestmuensterlaendischenmundart-1920w-219x300.webp 219w\" sizes=\"auto, (max-width: 365px) 100vw, 365px\" \/><\/figure>\n\n\n\n<h3 class=\"wp-block-heading has-text-align-center has-large-font-size\">Westm\u00fcnsterl\u00e4nder Mundart<\/h3>\n\n\n\n<p class=\"has-text-align-center\">W\u00f6rterbuch der westm\u00fcnsterl\u00e4ndischen Mundart von RHEDE-Vardingholt, Kr. Borken<\/p>\n\n\n\n<p class=\"has-text-align-center\">Autor: Dr. Hermann Sch\u00fcling, 1987<\/p>\n<\/div>\n<\/div>\n<\/div>\n\n\n\n<div class=\"wp-block-group alignfull has-global-padding is-layout-constrained wp-container-core-group-is-layout-5a30f31b wp-block-group-is-layout-constrained\">\n<div class=\"wp-block-columns alignwide tw-justify-center tw-cols-stack-md-2 is-layout-flex wp-container-core-columns-is-layout-d0b3c9c8 wp-block-columns-is-layout-flex\">\n<div class=\"wp-block-column is-layout-flow wp-block-column-is-layout-flow\">\n<figure class=\"wp-block-image aligncenter size-full is-resized\"><img loading=\"lazy\" decoding=\"async\" width=\"359\" height=\"489\" src=\"https:\/\/heimat.museum-villa-medica.de\/wp-content\/uploads\/2025\/08\/shop-vardingholt-3ac1dbd9-1920w.webp\" alt=\"\" class=\"wp-image-267\" style=\"width:120px\" srcset=\"https:\/\/heimat.museum-villa-medica.de\/wp-content\/uploads\/2025\/08\/shop-vardingholt-3ac1dbd9-1920w.webp 359w, https:\/\/heimat.museum-villa-medica.de\/wp-content\/uploads\/2025\/08\/shop-vardingholt-3ac1dbd9-1920w-220x300.webp 220w\" sizes=\"auto, (max-width: 359px) 100vw, 359px\" \/><\/figure>\n\n\n\n<h3 class=\"wp-block-heading has-text-align-center has-large-font-size\"><strong>Betr\u00e4ge zur Geschichte der Gemeinde Vardingholt<\/strong>\u00a0<\/h3>\n\n\n\n<p class=\"has-text-align-center\">von Hermann Sch\u00fcling, Gie\u00dfen 2011<\/p>\n<\/div>\n\n\n\n<div class=\"wp-block-column is-layout-flow wp-block-column-is-layout-flow\">\n<figure class=\"wp-block-image aligncenter size-full is-resized\"><img loading=\"lazy\" decoding=\"async\" width=\"289\" height=\"500\" src=\"https:\/\/heimat.museum-villa-medica.de\/wp-content\/uploads\/2025\/08\/shop-sodaswares-1920w.webp\" alt=\"\" class=\"wp-image-264\" style=\"width:120px\" srcset=\"https:\/\/heimat.museum-villa-medica.de\/wp-content\/uploads\/2025\/08\/shop-sodaswares-1920w.webp 289w, https:\/\/heimat.museum-villa-medica.de\/wp-content\/uploads\/2025\/08\/shop-sodaswares-1920w-173x300.webp 173w\" sizes=\"auto, (max-width: 289px) 100vw, 289px\" \/><\/figure>\n\n\n\n<h3 class=\"wp-block-heading has-text-align-center has-large-font-size\">So war es<\/h3>\n\n\n\n<p class=\"has-text-align-center\">Ger\u00fcttelt und gesch\u00fcrt in 85 Lebensjahren<\/p>\n\n\n\n<p class=\"has-text-align-center\">Autor: Hermann Kunkler<\/p>\n<\/div>\n<\/div>\n<\/div>\n","protected":false},"excerpt":{"rendered":"<p>Leider Vergriffen Diese Publikationen sind leider vergriffen, aber vielleicht finden Sie ja noch ein Exemplar auf den bekannten Verkaufsplattformen Klassifikationskarte des Parzellar Katasters der Gemeinde Rhede, Regierungsbezirk M\u00fcnster, Landr\u00e4tlicher Kreis Borken, B\u00fcrgermeisterei Rhede. Angefertigt nach der Vermessung vom Jahre 1823 Rheder Schicksalstage im M\u00e4rz 1945 Autor: Bernhard BeckmannNovember 2020 Westm\u00fcnsterl\u00e4nder Mundart W\u00f6rterbuch der westm\u00fcnsterl\u00e4ndischen Mundart [&hellip;]<\/p>\n","protected":false},"author":1,"featured_media":0,"parent":0,"menu_order":0,"comment_status":"closed","ping_status":"closed","template":"","meta":{"footnotes":""},"class_list":["post-236","page","type-page","status-publish","hentry"],"_links":{"self":[{"href":"https:\/\/heimat.museum-villa-medica.de\/index.php?rest_route=\/wp\/v2\/pages\/236","targetHints":{"allow":["GET"]}}],"collection":[{"href":"https:\/\/heimat.museum-villa-medica.de\/index.php?rest_route=\/wp\/v2\/pages"}],"about":[{"href":"https:\/\/heimat.museum-villa-medica.de\/index.php?rest_route=\/wp\/v2\/types\/page"}],"author":[{"embeddable":true,"href":"https:\/\/heimat.museum-villa-medica.de\/index.php?rest_route=\/wp\/v2\/users\/1"}],"replies":[{"embeddable":true,"href":"https:\/\/heimat.museum-villa-medica.de\/index.php?rest_route=%2Fwp%2Fv2%2Fcomments&post=236"}],"version-history":[{"count":3,"href":"https:\/\/heimat.museum-villa-medica.de\/index.php?rest_route=\/wp\/v2\/pages\/236\/revisions"}],"predecessor-version":[{"id":282,"href":"https:\/\/heimat.museum-villa-medica.de\/index.php?rest_route=\/wp\/v2\/pages\/236\/revisions\/282"}],"wp:attachment":[{"href":"https:\/\/heimat.museum-villa-medica.de\/index.php?rest_route=%2Fwp%2Fv2%2Fmedia&parent=236"}],"curies":[{"name":"wp","href":"https:\/\/api.w.org\/{rel}","templated":true}]}}