{"id":307,"date":"2026-03-18T20:56:42","date_gmt":"2026-03-18T19:56:42","guid":{"rendered":"https:\/\/heimat.museum-villa-medica.de\/?page_id=307"},"modified":"2026-03-18T20:56:42","modified_gmt":"2026-03-18T19:56:42","slug":"der-vorstand-stellt-sich-vor","status":"publish","type":"page","link":"https:\/\/heimat.museum-villa-medica.de\/?page_id=307","title":{"rendered":"Der Vorstand stellt sich vor"},"content":{"rendered":"\n<h2 class=\"wp-block-heading\">der vorstandt stellt sich vor:<\/h2>\n\n\n\n<div class=\"wp-block-group alignfull has-global-padding is-layout-constrained wp-block-group-is-layout-constrained\">\n<h2 class=\"wp-block-heading has-text-align-center\" style=\"margin-bottom:var(--wp--preset--spacing--50)\"><\/h2>\n\n\n\n<div class=\"wp-block-columns alignwide tw-justify-center tw-cols-stack-md-2 is-layout-flex wp-container-core-columns-is-layout-d0b3c9c8 wp-block-columns-is-layout-flex\">\n<div class=\"wp-block-column is-layout-flow wp-block-column-is-layout-flow\">\n<figure class=\"wp-block-image aligncenter size-large is-resized has-custom-border\"><img loading=\"lazy\" decoding=\"async\" width=\"1024\" height=\"1024\" src=\"https:\/\/heimat.museum-villa-medica.de\/wp-content\/uploads\/2025\/09\/hubert-seggewiss1a-1024x1024.jpg\" alt=\"Portrait Hubert Seggewiss\" class=\"wp-image-308\" style=\"border-radius:100%;object-fit:cover;width:160px;height:160px\" srcset=\"https:\/\/heimat.museum-villa-medica.de\/wp-content\/uploads\/2025\/09\/hubert-seggewiss1a-1024x1024.jpg 1024w, https:\/\/heimat.museum-villa-medica.de\/wp-content\/uploads\/2025\/09\/hubert-seggewiss1a-300x300.jpg 300w, https:\/\/heimat.museum-villa-medica.de\/wp-content\/uploads\/2025\/09\/hubert-seggewiss1a-150x150.jpg 150w, https:\/\/heimat.museum-villa-medica.de\/wp-content\/uploads\/2025\/09\/hubert-seggewiss1a-768x768.jpg 768w, https:\/\/heimat.museum-villa-medica.de\/wp-content\/uploads\/2025\/09\/hubert-seggewiss1a.jpg 1092w\" sizes=\"auto, (max-width: 1024px) 100vw, 1024px\" \/><\/figure>\n\n\n\n<h3 class=\"wp-block-heading has-text-align-center has-large-font-size\">Hubert Seggewiss<\/h3>\n\n\n\n<ol class=\"wp-block-list\">\n<li>Vorsitzender, <br>Schwerpunkt Heimatverein<\/li>\n<\/ol>\n<\/div>\n\n\n\n<div class=\"wp-block-column is-layout-flow wp-block-column-is-layout-flow\">\n<figure class=\"wp-block-image aligncenter size-full is-resized has-custom-border\"><img loading=\"lazy\" decoding=\"async\" width=\"175\" height=\"183\" src=\"https:\/\/heimat.museum-villa-medica.de\/wp-content\/uploads\/2025\/08\/symbolbild-humv.png\" alt=\"Logo des Heimat und Museumsvereins\" class=\"wp-image-69\" style=\"border-radius:100%;object-fit:cover;width:160px;height:160px\"\/><\/figure>\n\n\n\n<h3 class=\"wp-block-heading has-text-align-center has-large-font-size\">Dr. Angelika Zerwes<\/h3>\n\n\n\n<ol class=\"wp-block-list\">\n<li>Vorsitzende, <br>Schwerpunkt Museum Villa Medica<\/li>\n<\/ol>\n<\/div>\n\n\n\n<div class=\"wp-block-column is-layout-flow wp-block-column-is-layout-flow\">\n<figure class=\"wp-block-image aligncenter size-full is-resized has-custom-border\"><img loading=\"lazy\" decoding=\"async\" width=\"175\" height=\"183\" src=\"https:\/\/heimat.museum-villa-medica.de\/wp-content\/uploads\/2025\/08\/symbolbild-humv.png\" alt=\"Logo des Heimat und Museumsvereins\" class=\"wp-image-69\" style=\"border-radius:100%;object-fit:cover;width:160px;height:160px\"\/><\/figure>\n\n\n\n<h3 class=\"wp-block-heading has-text-align-center has-large-font-size\">Gerd Schaffeld<\/h3>\n\n\n\n<p class=\"has-text-align-center\">Kassenwart<\/p>\n<\/div>\n<\/div>\n<\/div>\n\n\n\n<div class=\"wp-block-group alignfull has-global-padding is-layout-constrained wp-block-group-is-layout-constrained\">\n<h2 class=\"wp-block-heading has-text-align-center\" style=\"margin-bottom:var(--wp--preset--spacing--50)\">.<\/h2>\n\n\n\n<div class=\"wp-block-columns alignwide tw-justify-center tw-cols-stack-md-2 is-layout-flex wp-container-core-columns-is-layout-d0b3c9c8 wp-block-columns-is-layout-flex\">\n<div class=\"wp-block-column is-layout-flow wp-block-column-is-layout-flow\">\n<figure class=\"wp-block-image aligncenter size-full is-resized has-custom-border\"><img loading=\"lazy\" decoding=\"async\" width=\"175\" height=\"183\" src=\"https:\/\/heimat.museum-villa-medica.de\/wp-content\/uploads\/2025\/08\/symbolbild-humv.png\" alt=\"Logo des Heimat und Museumsvereins\" class=\"wp-image-69\" style=\"border-radius:100%;object-fit:cover;width:160px;height:160px\"\/><\/figure>\n\n\n\n<h3 class=\"wp-block-heading has-text-align-center has-large-font-size\">H. Hungerkamp<\/h3>\n\n\n\n<p class=\"has-text-align-center\">Beisitzer<\/p>\n<\/div>\n\n\n\n<div class=\"wp-block-column is-layout-flow wp-block-column-is-layout-flow\">\n<figure class=\"wp-block-image aligncenter size-full is-resized has-custom-border\"><img loading=\"lazy\" decoding=\"async\" width=\"175\" height=\"183\" src=\"https:\/\/heimat.museum-villa-medica.de\/wp-content\/uploads\/2025\/08\/symbolbild-humv.png\" alt=\"Logo des Heimat und Museumsvereins\" class=\"wp-image-69\" style=\"border-radius:100%;object-fit:cover;width:160px;height:160px\"\/><\/figure>\n\n\n\n<h3 class=\"wp-block-heading has-text-align-center has-large-font-size\">Marcus M\u00fcller<\/h3>\n\n\n\n<p class=\"has-text-align-center\">Beisitzer<\/p>\n<\/div>\n\n\n\n<div class=\"wp-block-column is-layout-flow wp-block-column-is-layout-flow\">\n<figure class=\"wp-block-image aligncenter size-full is-resized has-custom-border\"><img loading=\"lazy\" decoding=\"async\" width=\"682\" height=\"1024\" src=\"https:\/\/heimat.museum-villa-medica.de\/wp-content\/uploads\/2025\/09\/uli2-1.jpg\" alt=\"Ulrich Damm\" class=\"wp-image-312\" style=\"border-radius:100%;object-fit:cover;width:160px;height:160px\" srcset=\"https:\/\/heimat.museum-villa-medica.de\/wp-content\/uploads\/2025\/09\/uli2-1.jpg 682w, https:\/\/heimat.museum-villa-medica.de\/wp-content\/uploads\/2025\/09\/uli2-1-200x300.jpg 200w\" sizes=\"auto, (max-width: 682px) 100vw, 682px\" \/><\/figure>\n\n\n\n<h3 class=\"wp-block-heading has-text-align-center has-large-font-size\">Ulrich Damm<\/h3>\n\n\n\n<p class=\"has-text-align-center\">Beisitzer<\/p>\n<\/div>\n<\/div>\n<\/div>\n\n\n\n<div class=\"wp-block-group alignfull has-global-padding is-layout-constrained wp-block-group-is-layout-constrained\">\n<h2 class=\"wp-block-heading has-text-align-center\" style=\"margin-bottom:var(--wp--preset--spacing--50)\">.<\/h2>\n\n\n\n<div class=\"wp-block-columns alignwide tw-justify-center tw-cols-stack-md-2 is-layout-flex wp-container-core-columns-is-layout-d0b3c9c8 wp-block-columns-is-layout-flex\">\n<div class=\"wp-block-column is-layout-flow wp-block-column-is-layout-flow\">\n<figure class=\"wp-block-image aligncenter size-full is-resized has-custom-border\"><img loading=\"lazy\" decoding=\"async\" width=\"175\" height=\"183\" src=\"https:\/\/heimat.museum-villa-medica.de\/wp-content\/uploads\/2025\/08\/symbolbild-humv.png\" alt=\"Logo des Heimat und Museumsvereins\" class=\"wp-image-69\" style=\"border-radius:100%;object-fit:cover;width:160px;height:160px\"\/><\/figure>\n\n\n\n<h3 class=\"wp-block-heading has-text-align-center has-large-font-size\">J. Gierkink<\/h3>\n\n\n\n<p class=\"has-text-align-center\">Beisitzer<\/p>\n<\/div>\n\n\n\n<div class=\"wp-block-column is-layout-flow wp-block-column-is-layout-flow\">\n<figure class=\"wp-block-image aligncenter size-full is-resized has-custom-border\"><img loading=\"lazy\" decoding=\"async\" width=\"175\" height=\"183\" src=\"https:\/\/heimat.museum-villa-medica.de\/wp-content\/uploads\/2025\/08\/symbolbild-humv.png\" alt=\"Logo des Heimat und Museumsvereins\" class=\"wp-image-69\" style=\"border-radius:100%;object-fit:cover;width:160px;height:160px\"\/><\/figure>\n\n\n\n<h3 class=\"wp-block-heading has-text-align-center has-large-font-size\">H. Terhardt<\/h3>\n\n\n\n<p class=\"has-text-align-center\">Beisitzer<\/p>\n<\/div>\n\n\n\n<div class=\"wp-block-column is-layout-flow wp-block-column-is-layout-flow\">\n<figure class=\"wp-block-image aligncenter size-full is-resized has-custom-border\"><img loading=\"lazy\" decoding=\"async\" width=\"175\" height=\"183\" src=\"https:\/\/heimat.museum-villa-medica.de\/wp-content\/uploads\/2025\/08\/symbolbild-humv.png\" alt=\"Logo des Heimat und Museumsvereins\" class=\"wp-image-69\" style=\"border-radius:100%;object-fit:cover;width:160px;height:160px\"\/><\/figure>\n\n\n\n<h3 class=\"wp-block-heading has-text-align-center has-large-font-size\">U. Sieverding<\/h3>\n\n\n\n<p class=\"has-text-align-center\">Kassenwart<\/p>\n<\/div>\n<\/div>\n<\/div>\n\n\n\n<div class=\"wp-block-group alignfull has-global-padding is-layout-constrained wp-block-group-is-layout-constrained\">\n<div class=\"wp-block-group alignfull has-global-padding is-layout-constrained wp-block-group-is-layout-constrained\">\n<h2 class=\"wp-block-heading has-text-align-center\" style=\"margin-bottom:var(--wp--preset--spacing--50)\">.<\/h2>\n\n\n\n<div class=\"wp-block-columns alignwide tw-justify-center tw-cols-stack-md-2 is-layout-flex wp-container-core-columns-is-layout-d0b3c9c8 wp-block-columns-is-layout-flex\">\n<div class=\"wp-block-column is-layout-flow wp-block-column-is-layout-flow\">\n<figure class=\"wp-block-image aligncenter size-full is-resized has-custom-border\"><img loading=\"lazy\" decoding=\"async\" width=\"175\" height=\"183\" src=\"https:\/\/heimat.museum-villa-medica.de\/wp-content\/uploads\/2025\/08\/symbolbild-humv.png\" alt=\"Logo des Heimat und Museumsvereins\" class=\"wp-image-69\" style=\"border-radius:100%;object-fit:cover;width:160px;height:160px\"\/><\/figure>\n\n\n\n<h3 class=\"wp-block-heading has-text-align-center has-large-font-size\">j\u00fcrgen Bernsmann<\/h3>\n\n\n\n<p class=\"has-text-align-center\">Beisitzer<\/p>\n<\/div>\n\n\n\n<div class=\"wp-block-column is-layout-flow wp-block-column-is-layout-flow\">\n<figure class=\"wp-block-image aligncenter size-full is-resized has-custom-border\"><img loading=\"lazy\" decoding=\"async\" width=\"719\" height=\"719\" src=\"https:\/\/heimat.museum-villa-medica.de\/wp-content\/uploads\/2025\/09\/elisabeth-scharpenack-rother-a.png\" alt=\"Elisabeth Scharpenack-Rother\" class=\"wp-image-309\" style=\"border-radius:100%;object-fit:cover;width:160px;height:160px\" srcset=\"https:\/\/heimat.museum-villa-medica.de\/wp-content\/uploads\/2025\/09\/elisabeth-scharpenack-rother-a.png 719w, https:\/\/heimat.museum-villa-medica.de\/wp-content\/uploads\/2025\/09\/elisabeth-scharpenack-rother-a-300x300.png 300w, https:\/\/heimat.museum-villa-medica.de\/wp-content\/uploads\/2025\/09\/elisabeth-scharpenack-rother-a-150x150.png 150w\" sizes=\"auto, (max-width: 719px) 100vw, 719px\" \/><\/figure>\n\n\n\n<h3 class=\"wp-block-heading has-text-align-center has-large-font-size\">Barbara Scharpernack-Rother<\/h3>\n\n\n\n<p class=\"has-text-align-center\">Schriftf\u00fchrerin<\/p>\n<\/div>\n\n\n\n<div class=\"wp-block-column is-layout-flow wp-block-column-is-layout-flow\">\n<figure class=\"wp-block-image aligncenter size-full is-resized has-custom-border\"><img loading=\"lazy\" decoding=\"async\" width=\"333\" height=\"500\" src=\"https:\/\/heimat.museum-villa-medica.de\/wp-content\/uploads\/2025\/09\/barbara-busskamp.jpeg\" alt=\"\" class=\"wp-image-314\" style=\"border-radius:100%;object-fit:cover;width:160px;height:160px\" srcset=\"https:\/\/heimat.museum-villa-medica.de\/wp-content\/uploads\/2025\/09\/barbara-busskamp.jpeg 333w, https:\/\/heimat.museum-villa-medica.de\/wp-content\/uploads\/2025\/09\/barbara-busskamp-200x300.jpeg 200w\" sizes=\"auto, (max-width: 333px) 100vw, 333px\" \/><\/figure>\n\n\n\n<h3 class=\"wp-block-heading has-text-align-center has-large-font-size\">Barbara Busskamp<\/h3>\n\n\n\n<p class=\"has-text-align-center\">Beisitzerin<\/p>\n<\/div>\n<\/div>\n<\/div>\n\n\n\n<div class=\"wp-block-columns alignwide tw-justify-center tw-cols-stack-md-2 is-layout-flex wp-container-core-columns-is-layout-d0b3c9c8 wp-block-columns-is-layout-flex\">\n<div class=\"wp-block-column is-layout-flow wp-block-column-is-layout-flow\">\n<figure class=\"wp-block-image aligncenter size-full is-resized has-custom-border\"><img loading=\"lazy\" decoding=\"async\" width=\"175\" height=\"183\" src=\"https:\/\/heimat.museum-villa-medica.de\/wp-content\/uploads\/2025\/08\/symbolbild-humv.png\" alt=\"Logo des Heimat und Museumsvereins\" class=\"wp-image-69\" style=\"border-radius:100%;object-fit:cover;width:160px;height:160px\"\/><\/figure>\n\n\n\n<h3 class=\"wp-block-heading has-text-align-center has-large-font-size\">C. Lansmann<\/h3>\n\n\n\n<p class=\"has-text-align-center\">Beisitzer<\/p>\n<\/div>\n<\/div>\n<\/div>\n\n\n\n<hr class=\"wp-block-separator has-alpha-channel-opacity\"\/>\n","protected":false},"excerpt":{"rendered":"<p>der vorstandt stellt sich vor: Hubert Seggewiss Dr. Angelika Zerwes Gerd Schaffeld Kassenwart . H. Hungerkamp Beisitzer Marcus M\u00fcller Beisitzer Ulrich Damm Beisitzer . J. Gierkink Beisitzer H. Terhardt Beisitzer U. Sieverding Kassenwart . j\u00fcrgen Bernsmann Beisitzer Barbara Scharpernack-Rother Schriftf\u00fchrerin Barbara Busskamp Beisitzerin C. Lansmann Beisitzer<\/p>\n","protected":false},"author":1,"featured_media":0,"parent":0,"menu_order":0,"comment_status":"closed","ping_status":"closed","template":"","meta":{"footnotes":""},"class_list":["post-307","page","type-page","status-publish","hentry"],"_links":{"self":[{"href":"https:\/\/heimat.museum-villa-medica.de\/index.php?rest_route=\/wp\/v2\/pages\/307","targetHints":{"allow":["GET"]}}],"collection":[{"href":"https:\/\/heimat.museum-villa-medica.de\/index.php?rest_route=\/wp\/v2\/pages"}],"about":[{"href":"https:\/\/heimat.museum-villa-medica.de\/index.php?rest_route=\/wp\/v2\/types\/page"}],"author":[{"embeddable":true,"href":"https:\/\/heimat.museum-villa-medica.de\/index.php?rest_route=\/wp\/v2\/users\/1"}],"replies":[{"embeddable":true,"href":"https:\/\/heimat.museum-villa-medica.de\/index.php?rest_route=%2Fwp%2Fv2%2Fcomments&post=307"}],"version-history":[{"count":6,"href":"https:\/\/heimat.museum-villa-medica.de\/index.php?rest_route=\/wp\/v2\/pages\/307\/revisions"}],"predecessor-version":[{"id":371,"href":"https:\/\/heimat.museum-villa-medica.de\/index.php?rest_route=\/wp\/v2\/pages\/307\/revisions\/371"}],"wp:attachment":[{"href":"https:\/\/heimat.museum-villa-medica.de\/index.php?rest_route=%2Fwp%2Fv2%2Fmedia&parent=307"}],"curies":[{"name":"wp","href":"https:\/\/api.w.org\/{rel}","templated":true}]}}

<h2 class="wp-block-heading">der vorstandt stellt sich vor:</h2>



<div class="wp-block-group alignfull has-global-padding is-layout-constrained wp-block-group-is-layout-constrained">
<h2 class="wp-block-heading has-text-align-center" style="margin-bottom:var(--wp--preset--spacing--50)"></h2>



<div class="wp-block-columns alignwide tw-justify-center tw-cols-stack-md-2 is-layout-flex wp-container-core-columns-is-layout-d0b3c9c8 wp-block-columns-is-layout-flex">
<div class="wp-block-column is-layout-flow wp-block-column-is-layout-flow">
<figure class="wp-block-image aligncenter size-large is-resized has-custom-border"><img loading="lazy" decoding="async" width="1024" height="1024" src="https://heimat.museum-villa-medica.de/wp-content/uploads/2025/09/hubert-seggewiss1a-1024x1024.jpg" alt="Portrait Hubert Seggewiss" class="wp-image-308" style="border-radius:100%;object-fit:cover;width:160px;height:160px" srcset="https://heimat.museum-villa-medica.de/wp-content/uploads/2025/09/hubert-seggewiss1a-1024x1024.jpg 1024w, https://heimat.museum-villa-medica.de/wp-content/uploads/2025/09/hubert-seggewiss1a-300x300.jpg 300w, https://heimat.museum-villa-medica.de/wp-content/uploads/2025/09/hubert-seggewiss1a-150x150.jpg 150w, https://heimat.museum-villa-medica.de/wp-content/uploads/2025/09/hubert-seggewiss1a-768x768.jpg 768w, https://heimat.museum-villa-medica.de/wp-content/uploads/2025/09/hubert-seggewiss1a.jpg 1092w" sizes="auto, (max-width: 1024px) 100vw, 1024px" /></figure>



<h3 class="wp-block-heading has-text-align-center has-large-font-size">Hubert Seggewiss</h3>



<ol class="wp-block-list">
<li>Vorsitzender, <br>Schwerpunkt Heimatverein</li>
</ol>
</div>



<div class="wp-block-column is-layout-flow wp-block-column-is-layout-flow">
<figure class="wp-block-image aligncenter size-full is-resized has-custom-border"><img loading="lazy" decoding="async" width="175" height="183" src="https://heimat.museum-villa-medica.de/wp-content/uploads/2025/08/symbolbild-humv.png" alt="Logo des Heimat und Museumsvereins" class="wp-image-69" style="border-radius:100%;object-fit:cover;width:160px;height:160px"/></figure>



<h3 class="wp-block-heading has-text-align-center has-large-font-size">Dr. Angelika Zerwes</h3>



<ol class="wp-block-list">
<li>Vorsitzende, <br>Schwerpunkt Museum Villa Medica</li>
</ol>
</div>



<div class="wp-block-column is-layout-flow wp-block-column-is-layout-flow">
<figure class="wp-block-image aligncenter size-full is-resized has-custom-border"><img loading="lazy" decoding="async" width="175" height="183" src="https://heimat.museum-villa-medica.de/wp-content/uploads/2025/08/symbolbild-humv.png" alt="Logo des Heimat und Museumsvereins" class="wp-image-69" style="border-radius:100%;object-fit:cover;width:160px;height:160px"/></figure>



<h3 class="wp-block-heading has-text-align-center has-large-font-size">Gerd Schaffeld</h3>



<p class="has-text-align-center">Kassenwart</p>
</div>
</div>
</div>



<div class="wp-block-group alignfull has-global-padding is-layout-constrained wp-block-group-is-layout-constrained">
<h2 class="wp-block-heading has-text-align-center" style="margin-bottom:var(--wp--preset--spacing--50)">.</h2>



<div class="wp-block-columns alignwide tw-justify-center tw-cols-stack-md-2 is-layout-flex wp-container-core-columns-is-layout-d0b3c9c8 wp-block-columns-is-layout-flex">
<div class="wp-block-column is-layout-flow wp-block-column-is-layout-flow">
<figure class="wp-block-image aligncenter size-full is-resized has-custom-border"><img loading="lazy" decoding="async" width="175" height="183" src="https://heimat.museum-villa-medica.de/wp-content/uploads/2025/08/symbolbild-humv.png" alt="Logo des Heimat und Museumsvereins" class="wp-image-69" style="border-radius:100%;object-fit:cover;width:160px;height:160px"/></figure>



<h3 class="wp-block-heading has-text-align-center has-large-font-size">H. Hungerkamp</h3>



<p class="has-text-align-center">Beisitzer</p>
</div>



<div class="wp-block-column is-layout-flow wp-block-column-is-layout-flow">
<figure class="wp-block-image aligncenter size-full is-resized has-custom-border"><img loading="lazy" decoding="async" width="175" height="183" src="https://heimat.museum-villa-medica.de/wp-content/uploads/2025/08/symbolbild-humv.png" alt="Logo des Heimat und Museumsvereins" class="wp-image-69" style="border-radius:100%;object-fit:cover;width:160px;height:160px"/></figure>



<h3 class="wp-block-heading has-text-align-center has-large-font-size">Marcus Müller</h3>



<p class="has-text-align-center">Beisitzer</p>
</div>



<div class="wp-block-column is-layout-flow wp-block-column-is-layout-flow">
<figure class="wp-block-image aligncenter size-full is-resized has-custom-border"><img loading="lazy" decoding="async" width="682" height="1024" src="https://heimat.museum-villa-medica.de/wp-content/uploads/2025/09/uli2-1.jpg" alt="Ulrich Damm" class="wp-image-312" style="border-radius:100%;object-fit:cover;width:160px;height:160px" srcset="https://heimat.museum-villa-medica.de/wp-content/uploads/2025/09/uli2-1.jpg 682w, https://heimat.museum-villa-medica.de/wp-content/uploads/2025/09/uli2-1-200x300.jpg 200w" sizes="auto, (max-width: 682px) 100vw, 682px" /></figure>



<h3 class="wp-block-heading has-text-align-center has-large-font-size">Ulrich Damm</h3>



<p class="has-text-align-center">Beisitzer</p>
</div>
</div>
</div>



<div class="wp-block-group alignfull has-global-padding is-layout-constrained wp-block-group-is-layout-constrained">
<h2 class="wp-block-heading has-text-align-center" style="margin-bottom:var(--wp--preset--spacing--50)">.</h2>



<div class="wp-block-columns alignwide tw-justify-center tw-cols-stack-md-2 is-layout-flex wp-container-core-columns-is-layout-d0b3c9c8 wp-block-columns-is-layout-flex">
<div class="wp-block-column is-layout-flow wp-block-column-is-layout-flow">
<figure class="wp-block-image aligncenter size-full is-resized has-custom-border"><img loading="lazy" decoding="async" width="175" height="183" src="https://heimat.museum-villa-medica.de/wp-content/uploads/2025/08/symbolbild-humv.png" alt="Logo des Heimat und Museumsvereins" class="wp-image-69" style="border-radius:100%;object-fit:cover;width:160px;height:160px"/></figure>



<h3 class="wp-block-heading has-text-align-center has-large-font-size">J. Gierkink</h3>



<p class="has-text-align-center">Beisitzer</p>
</div>



<div class="wp-block-column is-layout-flow wp-block-column-is-layout-flow">
<figure class="wp-block-image aligncenter size-full is-resized has-custom-border"><img loading="lazy" decoding="async" width="175" height="183" src="https://heimat.museum-villa-medica.de/wp-content/uploads/2025/08/symbolbild-humv.png" alt="Logo des Heimat und Museumsvereins" class="wp-image-69" style="border-radius:100%;object-fit:cover;width:160px;height:160px"/></figure>



<h3 class="wp-block-heading has-text-align-center has-large-font-size">H. Terhardt</h3>



<p class="has-text-align-center">Beisitzer</p>
</div>



<div class="wp-block-column is-layout-flow wp-block-column-is-layout-flow">
<figure class="wp-block-image aligncenter size-full is-resized has-custom-border"><img loading="lazy" decoding="async" width="175" height="183" src="https://heimat.museum-villa-medica.de/wp-content/uploads/2025/08/symbolbild-humv.png" alt="Logo des Heimat und Museumsvereins" class="wp-image-69" style="border-radius:100%;object-fit:cover;width:160px;height:160px"/></figure>



<h3 class="wp-block-heading has-text-align-center has-large-font-size">U. Sieverding</h3>



<p class="has-text-align-center">Kassenwart</p>
</div>
</div>
</div>



<div class="wp-block-group alignfull has-global-padding is-layout-constrained wp-block-group-is-layout-constrained">
<div class="wp-block-group alignfull has-global-padding is-layout-constrained wp-block-group-is-layout-constrained">
<h2 class="wp-block-heading has-text-align-center" style="margin-bottom:var(--wp--preset--spacing--50)">.</h2>



<div class="wp-block-columns alignwide tw-justify-center tw-cols-stack-md-2 is-layout-flex wp-container-core-columns-is-layout-d0b3c9c8 wp-block-columns-is-layout-flex">
<div class="wp-block-column is-layout-flow wp-block-column-is-layout-flow">
<figure class="wp-block-image aligncenter size-full is-resized has-custom-border"><img loading="lazy" decoding="async" width="175" height="183" src="https://heimat.museum-villa-medica.de/wp-content/uploads/2025/08/symbolbild-humv.png" alt="Logo des Heimat und Museumsvereins" class="wp-image-69" style="border-radius:100%;object-fit:cover;width:160px;height:160px"/></figure>



<h3 class="wp-block-heading has-text-align-center has-large-font-size">jürgen Bernsmann</h3>



<p class="has-text-align-center">Beisitzer</p>
</div>



<div class="wp-block-column is-layout-flow wp-block-column-is-layout-flow">
<figure class="wp-block-image aligncenter size-full is-resized has-custom-border"><img loading="lazy" decoding="async" width="719" height="719" src="https://heimat.museum-villa-medica.de/wp-content/uploads/2025/09/elisabeth-scharpenack-rother-a.png" alt="Elisabeth Scharpenack-Rother" class="wp-image-309" style="border-radius:100%;object-fit:cover;width:160px;height:160px" srcset="https://heimat.museum-villa-medica.de/wp-content/uploads/2025/09/elisabeth-scharpenack-rother-a.png 719w, https://heimat.museum-villa-medica.de/wp-content/uploads/2025/09/elisabeth-scharpenack-rother-a-300x300.png 300w, https://heimat.museum-villa-medica.de/wp-content/uploads/2025/09/elisabeth-scharpenack-rother-a-150x150.png 150w" sizes="auto, (max-width: 719px) 100vw, 719px" /></figure>



<h3 class="wp-block-heading has-text-align-center has-large-font-size">Barbara Scharpernack-Rother</h3>



<p class="has-text-align-center">Schriftführerin</p>
</div>



<div class="wp-block-column is-layout-flow wp-block-column-is-layout-flow">
<figure class="wp-block-image aligncenter size-full is-resized has-custom-border"><img loading="lazy" decoding="async" width="333" height="500" src="https://heimat.museum-villa-medica.de/wp-content/uploads/2025/09/barbara-busskamp.jpeg" alt="" class="wp-image-314" style="border-radius:100%;object-fit:cover;width:160px;height:160px" srcset="https://heimat.museum-villa-medica.de/wp-content/uploads/2025/09/barbara-busskamp.jpeg 333w, https://heimat.museum-villa-medica.de/wp-content/uploads/2025/09/barbara-busskamp-200x300.jpeg 200w" sizes="auto, (max-width: 333px) 100vw, 333px" /></figure>



<h3 class="wp-block-heading has-text-align-center has-large-font-size">Barbara Busskamp</h3>



<p class="has-text-align-center">Beisitzerin</p>
</div>
</div>
</div>



<div class="wp-block-columns alignwide tw-justify-center tw-cols-stack-md-2 is-layout-flex wp-container-core-columns-is-layout-d0b3c9c8 wp-block-columns-is-layout-flex">
<div class="wp-block-column is-layout-flow wp-block-column-is-layout-flow">
<figure class="wp-block-image aligncenter size-full is-resized has-custom-border"><img loading="lazy" decoding="async" width="175" height="183" src="https://heimat.museum-villa-medica.de/wp-content/uploads/2025/08/symbolbild-humv.png" alt="Logo des Heimat und Museumsvereins" class="wp-image-69" style="border-radius:100%;object-fit:cover;width:160px;height:160px"/></figure>



<h3 class="wp-block-heading has-text-align-center has-large-font-size">C. Lansmann</h3>



<p class="has-text-align-center">Beisitzer</p>
</div>
</div>
</div>



<hr class="wp-block-separator has-alpha-channel-opacity"/>

<p>der vorstandt stellt sich vor: Hubert Seggewiss Dr. Angelika Zerwes Gerd Schaffeld Kassenwart . H. Hungerkamp Beisitzer Marcus Müller Beisitzer Ulrich Damm Beisitzer . J. Gierkink Beisitzer H. Terhardt Beisitzer U. Sieverding Kassenwart . jürgen Bernsmann Beisitzer Barbara Scharpernack-Rother Schriftführerin Barbara Busskamp Beisitzerin C. Lansmann Beisitzer</p>
